ate z(l).
7
Let i(c) be the first derivative of c**3/3 + 3*c**2 + 4. Let y(r) = 2*r**3 + 159*r**2 - 78*r + 152. Let z be y(-80). Determine i(z).
16
Let x be 58/4 - (2/4 - 1). Let b(j) = -3*j + 8*j - j**2 + x - 3*j + 8*j. What is b(11)?
4
Let t(a) be the first derivative of -2*a**3/3 + 10*a**2 + 27*a + 1985. What is t(11)?
5
Let n(w) = 12*w - 11*w + 2*w - 11. Let i be (-184)/(-28) + 0 + 12/28. What is n(i)?
10
Let a(p) = -p**3 + 11*p**2 + 5*p - 9. Let y(j) = 6*j**3 - 56*j**2 - 24*j + 44. Let u(b) = -11*a(b) - 2*y(b). Calculate u(-8).
3
Let f = -20 + 21. Let n(w) = -8 + 5 + 2 + 0 + 2*w + 2. Determine n(f).
3
Let b(m) = m**3 - m**2 + 3*m - 3. Let l(k) = 386*k - 8106. Let w be l(21). Determine b(w).
-3
Let s(u) = u**3 + 6*u**2 - 4*u - 6. Let f be s(-6). Suppose -6*q - 78 + f = 0. Let y(x) = x**3 + 9*x**2 - 14*x - 11. Determine y(q).
29
Let q(y) = 0*y**3 - 3 - 2976*y**2 + 6 + 2966*y**2 - 5 + y**3 - y. Give q(10).
-12
Let m(d) = -d - 104. Let g(c) = c + 47. Let q(a) = -2*g(a) - m(a). Determine q(5).
5
Suppose 3*t - 19 = -f + 8, f - 4*t = 62. Let r(l) = 2*l + 7*l**2 - 4*l**2 - f + 36 - 2*l**2. Determine r(-7).
29
Suppose 26*t + 17*t - 215 = 0. Let d(k) = -14*k - 4 - 17*k + 30*k - t. Give d(-12).
3
Let b = 2095 - 2094. Let t(j) = 67*j**2 - j + 2. What is t(b)?
68
Let s(l) = -l**2 + 16*l - 32. Let a be s(14). Let y be (132/9)/(a/(-6)). Let j(r) = -26*r - y*r - 26*r + 79*r. Determine j(-3).
-15
Let p(j) = -j**3 - 9*j**2 - j + 5. Let v(y) be the first derivative of y**4/4 + 5*y**3/3 - 11*y**2/2 - 39*y - 84. Let x be v(-6). Calculate p(x).
14
Let b = 53479/24 + -2228. Let f(k) be the third derivative of -1/10*k**5 + 4/3*k**3 + b*k**4 + 0 - 1/120*k**6 - 11*k**2 + 0*k. Determine f(-7).
8
Let q(a) = -a**2 + 16*a - 40. Suppose 0 = 2*h - 3*i - 12, -5*h + 17 + 39 = -i. Calculate q(h).
8
Let d = 26693 - 26689. Let h(i) be the second derivative of -40*i + 0*i**2 + 1/6*i**d + 1/5*i**5 + 0 + 1/6*i**3. Determine h(-1).
-3
Let k(g) be the first derivative of -g**5/60 + 7*g**4/24 + 4*g**3/3 - 143*g**2/2 - 114. Let p(i) be the second derivative of k(i). Determine p(6).
14
Let i = 76 - 77. Let n(h) = -h**3 + h - 1. Let c(y) = 6*y**3 + 11*y**2 - 5*y + 11. Let b(p) = i*c(p) - 5*n(p). Calculate b(-11).
-6
Let f = 136 - 97. Let m be f/9 + 4/(-3). Suppose -5*n - 32 = -m*a, -24 = 5*n - 0*n - a. Let k(w) = w**3 + 3*w**2 - 3*w + 3. Determine k(n).
-1
Let z(o) = -o**2 - 6*o + 7. Let w(k) = 2*k**2 + 27*k - 6. Let g be w(-15). Let a be 2/(-3) - g/9. Determine z(a).
12
Let r(w) = 628 - w - 181 - 163 - 157 - 161. Calculate r(-11).
-23
Let b(c) = -c**3 - 14*c**2 - 3*c + 54. Suppose 66*w - 135*w - 6356 = 385*w. What is b(w)?
96
Let d(w) = 21*w - 14. Let s(h) = -4*h + 2. Let c(b) = d(b) + 5*s(b). What is c(13)?
9
Let z(v) = 13*v + 36. Let l be z(-3). Let g(h) = -h. Let q(a) = -2*a. Let u(p) = l*g(p) + q(p). Give u(5).
5
Let j(i) = 3*i - 2*i - 3 + 12. Let h be (456/171)/(20/(-45)). Determine j(h).
3
Let g(c) = -8*c**2 - 4*c - 6*c**2 - 3 + 10*c**2 - c**3. Suppose 2*m = 4*d - 22, 2*m + 0*d = d - 10. Determine g(m).
0
Let q(n) be the first derivative of -n**3/6 + 19*n**2/2 + 167*n + 109. Let a(p) be the first derivative of q(p). Determine a(0).
19
Suppose 29*i - 279 - 337 = 117*i. Let q(a) = -3*a - 11. Determine q(i).
10
Let a(q) = -2*q + 4. Let g(l) = -4*l + 117. Let m be g(29). Let k be 4 + (12/(-1) - m). Give a(k).
22
Let n(s) = -s + 10. Let w(c) = 19*c - 68. Let x(g) = -12*n(g) - w(g). Calculate x(-6).
-10
Let y(u) be the third derivative of -1/12*u**4 - 3/20*u**5 + u**2 + 0 - 7*u - 4/3*u**3 - 1/120*u**6. Determine y(-9).
10
Let c(h) = -6 - 7*h - 11 + 38 - 14*h - 8*h**2 + 7*h**2. Determine c(-22).
-1
Let h(x) = 42*x - 21. Let q(o) = -41*o + 19. Let g(m) = 9*h(m) + 10*q(m). What is g(1)?
-31
Let v(d) = 755 + 4*d - 7*d**3 - 3*d - 747 + d + 6*d. Give v(-2).
48
Let r(t) be the third derivative of 2*t**2 + 2/3*t**3 - 1/60*t**5 - 1/24*t**4 - 1 + 0*t. Let w = -3 + 6. Give r(w).
-8
Suppose 0 = 18*y - 546 + 618. Let s(k) = -k**2 - 3*k + 4. Determine s(y).
0
Suppose 6 = 2*v + v. Let h(b) = -3*b**v - 5*b + 6*b + 2*b**2 + 2 + 2. Let x be 4/38 + 114/3249*(-3)/1. What is h(x)?
4
Let c(v) = -45 - 11*v + 5*v**3 - 8*v - 18*v - 4*v**3 + 15*v - 23*v**2. Give c(24).
3
Let z(a) = 5*a. Suppose d + 5*g = 460, 6*g - 2*g - 2237 = -5*d. Let m = 444 - d. What is z(m)?
-5
Let g = 410 + -410. Suppose 18*d - 13*d = g, 4*q - 3*d - 24 = 0. Let u(r) = -r**3 + 6*r**2 + 3*r - 2. Determine u(q).
16
Let x(u) = -26*u + 16. Let a(l) be the third derivative of -13*l**4/24 + 3*l**3/2 + 96*l**2. Let g(w) = -7*a(w) + 4*x(w). Determine g(1).
-12
Suppose -3*z = -3*d - 28 - 248, 4*d = 3*z - 364. Let q = d + 88. Suppose -7*h - 19 + 5 = q. Let u(r) = r**3 + 2*r**2 + 3*r. Determine u(h).
-6
Suppose 426*s - 422*s = 40. Let u(j) be the third derivative of -j**6/120 + 11*j**5/60 - 5*j**4/12 + 4*j**3/3 + 4*j**2. Give u(s).
8
Let i = 10394 + -10405. Let u(v) = -2*v**2 - 12*v + 10. What is u(i)?
-100
Let r(h) be the second derivative of -h**4/12 - h**3/6 + 2*h**2 + h. Let u be r(3). Let d(f) = 791*f**2 + 47*f - 105*f - 792*f**2 - 7 + 49*f. What is d(u)?
1
Let t = -18265 + 18272. Let k(q) = q**3 - 13*q**2 + 44*q - 16. Determine k(t).
-2
Let w be (282/94)/(((-6)/15)/(8/(-10))). Let o(h) be the first derivative of h**4/4 - 5*h**3/3 - 3*h**2 - 4*h - 1. Determine o(w).
-4
Let r(x) = 901 - 901 - 2*x + 14*x. Suppose 4 = 2*n - 0*n - 2*q, q = -3. Give r(n).
-12
Let l(m) = -22*m + 7. Suppose -19*g + 23*g = -16. Let r(t) = 5*t + 6*t - 3 + 0. Let i(x) = g*l(x) - 9*r(x). Give i(1).
-12
Let b(p) = 8*p + 59*p**2 - 53*p**2 - 12*p - p**3 - 4. Let a be -3 - (-55)/15 - 26/(-6). What is b(a)?
1
Let u(y) = -44*y - 4 - y**3 - 44*y + 3 + 77*y + 4*y**2 + 11. Give u(4).
-34
Let t = 314 + -491. Let h be (-3 - t/6) + (-12)/(-8). Let q be 4/14 - (64/h - 1). Let p(g) = -g**3 - g**2 - 2*g - 1. Give p(q).
1
Let y be (127/25 - -11*4/(-550)) + -5. Let h(j) = -6*j + 29. Give h(y).
29
Let l = 39 - 37. Let r(y) = -10*y + y**l + 2 + 0 - 5. What is r(10)?
-3
Let w(u) = 8*u + 13. Let c(j) = 3*j + 8. Let l(y) = -5*c(y) + 3*w(y). Let k(z) = 16*z - 1. Let q(p) = 4*k(p) - 7*l(p). Determine q(5).
8
Let s be 1/(-3) + (-18 - 55/(-3)). Let g(d) = -d**3 + d - 23. Determine g(s).
-23
Let f(l) be the third derivative of l**6/120 - 3*l**5/20 + l**4/4 + 7*l**3/6 - l**2. Let p(i) = 260*i - 3631. Let o be p(14). Give f(o).
61
Let x(f) = f + 2. Suppose -12*r - 48 = -4*r. Let t be r/3 - 2 - (-368)/(-2). Let k be (-1)/8 - (-2 + t/(-32)). Give x(k).
-2
Let r(f) = 5625*f**2 + 4 - 6*f - 5616*f**2 + 5. Let n(k) = 10*k**2 - 8*k + 11. Let g(u) = 4*n(u) - 5*r(u). Determine g(-1).
-4
Let x(j) = -j**2 + 37*j - 350. Let o(q) = -30*q - 341. Let i be o(-12). Determine x(i).
-8
Let v(c) = -25*c - 44 + 124 + 7 + 27*c - 38. Calculate v(-19).
11
Let g = -225 - -237. Let w(z) = 4 - 10*z - 6*z**2 - g*z - 7 + 26*z. Give w(2).
-19
Let m(g) be the third derivative of -g**5/60 + 3*g**4/4 + g**3 - 2896*g**2. Determine m(19).
-13
Let y(g) = 14*g + 234. Let w(f) = -5*f - 86. Let h(r) = 11*w(r) + 4*y(r). Give h(-6).
-16
Let z(r) = 10050*r**3 + 5*r - 10051*r**3 - 11*r - 9*r + 18 - 16*r**2 - 7*r. Calculate z(-14).
-66
Suppose 7*m + 59*m - 79 - 185 = 0. Let q(w) = -w**3 + w**2 + 5*w - 7. Determine q(m).
-35
Let u(w) = -4*w - 3. Let a(t) = t**3 - 2001*t + 996*t + 1001*t - t**2. Let i be a(2). What is u(i)?
13
Let n(k) be the second derivative of k**3/3 - 8*k**2 + 376*k. Let u = -2 + 11. What is n(u)?
2
Let w(v) = -47*v + 1651. Let t be w(35). Let p(s) = s - 2. Let f be p(7). Let k(b) = 4 + b**2 + 2*b - 5 - b**3 + f*b**2 + 0. What is k(t)?
11
Let q(o) = -o**2 + 31*o + 7. Let n be q(31). Suppose 0 = 6*f - 2*f - 8. Let y(d) = -6*d + f - n + 11 + d**2. Give y(6).
6
Let i(f) be the second derivative of -f**5/15 + f**4/12 + f**3/3 - 91*f**2 + 2*f + 148. Let j(v) be the first derivative of i(v). Let k = -4 - -6. What is j(k)?
-10
Suppose 2 = m - 3. Suppose -2*j + m = 1. Let v(o) = 1. Let g(u) = u**3 - 4*u**2 + u + 5. Let k(z) = -g(z) + 4*v(z). Determine k(j).
5
Let r(m) = -41*m + 287. Let c = 17556 - 17549. What is r(c)?
0
Let c(x) = x**3 - 6*x**2 + 5*x + 2. Let l = -555 - -559. Give c(l).
-10
Let b(z) be the third derivative of -1/60*z**5 - 1/8*z**4 + 0 - 5/6*z**3 + 0*z - 130*z**2. Let f be 15*(10/6 - 2). Determine b(f).
-15
